{"id":358,"date":"2025-04-02T19:43:35","date_gmt":"2025-04-02T19:43:35","guid":{"rendered":"https:\/\/railingcanarias.es\/?page_id=358"},"modified":"2025-04-02T19:44:37","modified_gmt":"2025-04-02T19:44:37","slug":"declaracion-accesibilidad-web","status":"publish","type":"page","link":"https:\/\/railingcanarias.es\/?page_id=358","title":{"rendered":"Declaraci\u00f3n Accesibilidad Web"},"content":{"rendered":"<p>[et_pb_section fb_built=\u00bb1&#8243; theme_builder_area=\u00bbpost_content\u00bb _builder_version=\u00bb4.20.4&#8243; _module_preset=\u00bbdefault\u00bb][et_pb_row _builder_version=\u00bb4.20.4&#8243; _module_preset=\u00bbdefault\u00bb theme_builder_area=\u00bbpost_content\u00bb][et_pb_column _builder_version=\u00bb4.20.4&#8243; _module_preset=\u00bbdefault\u00bb type=\u00bb4_4&#8243; theme_builder_area=\u00bbpost_content\u00bb][et_pb_text _builder_version=\u00bb4.20.4&#8243; _module_preset=\u00bbdefault\u00bb theme_builder_area=\u00bbpost_content\u00bb hover_enabled=\u00bb0&#8243; sticky_enabled=\u00bb0&#8243;]<\/p>\n<p >Actualizado: 2\/4\/2025<\/p>\n<p >ST RAILING CANARIAS S.L. se compromete en hacer accesible su sitio web de conformidad con el<span>\u00a0<\/span><a href=\"https:\/\/www.boe.es\/diario_boe\/txt.php?id=BOE-A-2018-12699\" target=\"_blank\" rel=\"noopener noreferrer\" role=\"link\">Real Decreto 1112\/2018, sobre accesibilidad de los sitios webs y aplicaciones para dispositivos m\u00f3viles del sector p\u00fablico.\u00a0<\/a><\/p>\n<p >La presente declaraci\u00f3n de accesibilidad se aplica al sitio web<span> <\/span><a href=\"https:\/\/railingcanarias.es\/\/\" role=\"link\">strailingcanarias.es<\/a>.<\/p>\n<h1 class=\"text-4xl m-0 mb-3\" >Situaci\u00f3n de cumplimiento<\/h1>\n<p >Este sitio web es<span>\u00a0<\/span><strong>plenamente\u00a0<\/strong><strong>conforme<\/strong>\u00a0con el RD 1112\/2018.<\/p>\n<h2 class=\"text-3xl m-0 mb-3\" >Preparaci\u00f3n de la presente declaraci\u00f3n de accesibilidad:<\/h2>\n<p >La presente declaraci\u00f3n fue preparada el 2 de abril de 2025.<\/p>\n<p >El m\u00e9todo empleado para preparar la declaraci\u00f3n ha sido una autoevaluaci\u00f3n llevada a cabo por el equipo de accesibilidad de la entidad.<\/p>\n<p >\u00daltima revisi\u00f3n de la declaraci\u00f3n: 2 de abril de 2025.<\/p>\n<h2 class=\"text-3xl m-0 mb-3\" >Observaciones y datos de contacto:<\/h2>\n<p >Puede realizar comunicaciones sobre requisitos de accesibilidad (art\u00edculo 10.2.a) del RD 1112\/2018) como por ejemplo:<\/p>\n<p >1. Informar sobre cualquier posible incumplimiento por parte de este sitio web.<\/p>\n<p >2. Transmitir otras dificultades de acceso al contenido<\/p>\n<p >3. Formular cualquier otra consulta o sugerencia de mejora relativa a la accesibilidad del sitio web<\/p>\n<p >A trav\u00e9s de nuestros formulario de contacto, o de manera presencial en: C\/ Los Dragos, 76 Pol\u00edgono Arinaga, Ag\u00fcimes, Las Palmas, 35118<\/p>\n<p >Indicando en el Asunto: \u00abAccesibilidad Web\u00bb<\/p>\n<p >Las comunicaciones ser\u00e1n recibidas y tratadas por el equipo de Accesibilidad.<\/p>\n<p ><strong>Contenido opcional<\/strong><\/p>\n<p >En esta web se han adoptado una serie de medidas cuyo objetivo es mejorar la accesibilidad. Las ventajas que esto conlleva son, entre otras:<\/p>\n<p >1. Facilitar el acceso de las personas independientemente de su condici\u00f3n f\u00edsica o de su entorno.<\/p>\n<p >2. Incluir contenidos claros y bien estructurados.<\/p>\n<p >3. Mejorar la navegaci\u00f3n y la experiencia del usuario.<\/p>\n<p >Entre las medidas adoptadas:<\/p>\n<p ><strong>Bot\u00f3n lateral derecho de Accesibilidad<\/strong><\/p>\n<p >En todas las p\u00e1ginas de la web, cuentan con un bot\u00f3n en el lateral izquierdo con s\u00edmbolo de accesibilidad, que cuando pinchamos en el se abre un \u00abpop up\u00bb con las diferentes opciones de accesibilidad visual que pueden afectar a la p\u00e1gina web.<\/p>\n<p ><strong>Atajos de teclado<\/strong><\/p>\n<ul>\n<li class=\"relative ml-5 list-disc\" >Internet Explorer 6 o superiores: ALT + Tecla de acceso r\u00e1pido + Tecla ENTER<\/li>\n<li class=\"relative ml-5 list-disc\" >Mozilla Firefox 2.0 o superiores: ALT + MAYUSCULAS + Tecla de acceso r\u00e1pido (configuraci\u00f3n \u2013 avanzada en navegador con dos teclas)<\/li>\n<li class=\"relative ml-5 list-disc\" >Opera: Tecla May\u00fasculas + Esc para activar las teclas de acceso r\u00e1pido<\/li>\n<li class=\"relative ml-5 list-disc\" >Safari: COMMAND + Tecla de acceso r\u00e1pido<\/li>\n<li class=\"relative ml-5 list-disc\" >Chrome: Seg\u00fan sistema operativo (Definido debajo)<\/li>\n<li class=\"relative ml-5 list-disc\" >MacOS: COMMAND + Tecla de acceso r\u00e1pido.<\/li>\n<li class=\"relative ml-5 list-disc\" >Windows: CTRL + Tecla de acceso r\u00e1pido.<\/li>\n<\/ul>\n<p>[\/et_pb_text][\/et_pb_column][\/et_pb_row][\/et_pb_section]<\/p>\n","protected":false},"excerpt":{"rendered":"<p>Actualizado: 2\/4\/2025 ST RAILING CANARIAS S.L. se compromete en hacer accesible su sitio web de conformidad con el\u00a0Real Decreto 1112\/2018, sobre accesibilidad de los sitios webs y aplicaciones para dispositivos m\u00f3viles del sector p\u00fablico.\u00a0 La presente declaraci\u00f3n de accesibilidad se aplica al sitio web strailingcanarias.es. Situaci\u00f3n de cumplimiento Este sitio web es\u00a0plenamente\u00a0conforme\u00a0con el RD 1112\/2018. [&hellip;]<\/p>\n","protected":false},"author":3,"featured_media":0,"parent":0,"menu_order":0,"comment_status":"closed","ping_status":"closed","template":"","meta":{"_et_pb_use_builder":"on","_et_pb_old_content":"","_et_gb_content_width":"","footnotes":""},"class_list":["post-358","page","type-page","status-publish","hentry"],"aioseo_notices":[],"yoast_head":"<!-- This site is optimized with the Yoast SEO plugin v27.6 - https:\/\/yoast.com\/product\/yoast-seo-wordpress\/ -->\n<title>Declaraci\u00f3n Accesibilidad Web - ST RAILING CANARIAS<\/title>\n<meta name=\"robots\" content=\"index, follow, max-snippet:-1, max-image-preview:large, max-video-preview:-1\" \/>\n<link rel=\"canonical\" href=\"https:\/\/railingcanarias.es\/?page_id=358\" \/>\n<meta property=\"og:locale\" content=\"es_ES\" \/>\n<meta property=\"og:type\" content=\"article\" \/>\n<meta property=\"og:title\" content=\"Declaraci\u00f3n Accesibilidad Web - ST RAILING CANARIAS\" \/>\n<meta property=\"og:description\" content=\"Actualizado: 2\/4\/2025 ST RAILING CANARIAS S.L. se compromete en hacer accesible su sitio web de conformidad con el\u00a0Real Decreto 1112\/2018, sobre accesibilidad de los sitios webs y aplicaciones para dispositivos m\u00f3viles del sector p\u00fablico.\u00a0 La presente declaraci\u00f3n de accesibilidad se aplica al sitio web strailingcanarias.es. Situaci\u00f3n de cumplimiento Este sitio web es\u00a0plenamente\u00a0conforme\u00a0con el RD 1112\/2018. [&hellip;]\" \/>\n<meta property=\"og:url\" content=\"https:\/\/railingcanarias.es\/?page_id=358\" \/>\n<meta property=\"og:site_name\" content=\"ST RAILING CANARIAS\" \/>\n<meta property=\"article:modified_time\" content=\"2025-04-02T19:44:37+00:00\" \/>\n<meta name=\"twitter:card\" content=\"summary_large_image\" \/>\n<script type=\"application\/ld+json\" class=\"yoast-schema-graph\">{\"@context\":\"https:\\\/\\\/schema.org\",\"@graph\":[{\"@type\":\"WebPage\",\"@id\":\"https:\\\/\\\/railingcanarias.es\\\/?page_id=358\",\"url\":\"https:\\\/\\\/railingcanarias.es\\\/?page_id=358\",\"name\":\"Declaraci\u00f3n Accesibilidad Web - ST RAILING CANARIAS\",\"isPartOf\":{\"@id\":\"https:\\\/\\\/railingcanarias.es\\\/#website\"},\"datePublished\":\"2025-04-02T19:43:35+00:00\",\"dateModified\":\"2025-04-02T19:44:37+00:00\",\"breadcrumb\":{\"@id\":\"https:\\\/\\\/railingcanarias.es\\\/?page_id=358#breadcrumb\"},\"inLanguage\":\"es\",\"potentialAction\":[{\"@type\":\"ReadAction\",\"target\":[\"https:\\\/\\\/railingcanarias.es\\\/?page_id=358\"]}]},{\"@type\":\"BreadcrumbList\",\"@id\":\"https:\\\/\\\/railingcanarias.es\\\/?page_id=358#breadcrumb\",\"itemListElement\":[{\"@type\":\"ListItem\",\"position\":1,\"name\":\"Portada\",\"item\":\"https:\\\/\\\/railingcanarias.es\\\/\"},{\"@type\":\"ListItem\",\"position\":2,\"name\":\"Declaraci\u00f3n Accesibilidad Web\"}]},{\"@type\":\"WebSite\",\"@id\":\"https:\\\/\\\/railingcanarias.es\\\/#website\",\"url\":\"https:\\\/\\\/railingcanarias.es\\\/\",\"name\":\"ST RAILING CANARIAS, S.L.\",\"description\":\"\",\"potentialAction\":[{\"@type\":\"SearchAction\",\"target\":{\"@type\":\"EntryPoint\",\"urlTemplate\":\"https:\\\/\\\/railingcanarias.es\\\/?s={search_term_string}\"},\"query-input\":{\"@type\":\"PropertyValueSpecification\",\"valueRequired\":true,\"valueName\":\"search_term_string\"}}],\"inLanguage\":\"es\"}]}<\/script>\n<!-- \/ Yoast SEO plugin. -->","yoast_head_json":{"title":"Declaraci\u00f3n Accesibilidad Web - ST RAILING CANARIAS","robots":{"index":"index","follow":"follow","max-snippet":"max-snippet:-1","max-image-preview":"max-image-preview:large","max-video-preview":"max-video-preview:-1"},"canonical":"https:\/\/railingcanarias.es\/?page_id=358","og_locale":"es_ES","og_type":"article","og_title":"Declaraci\u00f3n Accesibilidad Web - ST RAILING CANARIAS","og_description":"Actualizado: 2\/4\/2025 ST RAILING CANARIAS S.L. se compromete en hacer accesible su sitio web de conformidad con el\u00a0Real Decreto 1112\/2018, sobre accesibilidad de los sitios webs y aplicaciones para dispositivos m\u00f3viles del sector p\u00fablico.\u00a0 La presente declaraci\u00f3n de accesibilidad se aplica al sitio web strailingcanarias.es. Situaci\u00f3n de cumplimiento Este sitio web es\u00a0plenamente\u00a0conforme\u00a0con el RD 1112\/2018. [&hellip;]","og_url":"https:\/\/railingcanarias.es\/?page_id=358","og_site_name":"ST RAILING CANARIAS","article_modified_time":"2025-04-02T19:44:37+00:00","twitter_card":"summary_large_image","schema":{"@context":"https:\/\/schema.org","@graph":[{"@type":"WebPage","@id":"https:\/\/railingcanarias.es\/?page_id=358","url":"https:\/\/railingcanarias.es\/?page_id=358","name":"Declaraci\u00f3n Accesibilidad Web - ST RAILING CANARIAS","isPartOf":{"@id":"https:\/\/railingcanarias.es\/#website"},"datePublished":"2025-04-02T19:43:35+00:00","dateModified":"2025-04-02T19:44:37+00:00","breadcrumb":{"@id":"https:\/\/railingcanarias.es\/?page_id=358#breadcrumb"},"inLanguage":"es","potentialAction":[{"@type":"ReadAction","target":["https:\/\/railingcanarias.es\/?page_id=358"]}]},{"@type":"BreadcrumbList","@id":"https:\/\/railingcanarias.es\/?page_id=358#breadcrumb","itemListElement":[{"@type":"ListItem","position":1,"name":"Portada","item":"https:\/\/railingcanarias.es\/"},{"@type":"ListItem","position":2,"name":"Declaraci\u00f3n Accesibilidad Web"}]},{"@type":"WebSite","@id":"https:\/\/railingcanarias.es\/#website","url":"https:\/\/railingcanarias.es\/","name":"ST RAILING CANARIAS, S.L.","description":"","potentialAction":[{"@type":"SearchAction","target":{"@type":"EntryPoint","urlTemplate":"https:\/\/railingcanarias.es\/?s={search_term_string}"},"query-input":{"@type":"PropertyValueSpecification","valueRequired":true,"valueName":"search_term_string"}}],"inLanguage":"es"}]}},"_links":{"self":[{"href":"https:\/\/railingcanarias.es\/index.php?rest_route=\/wp\/v2\/pages\/358","targetHints":{"allow":["GET"]}}],"collection":[{"href":"https:\/\/railingcanarias.es\/index.php?rest_route=\/wp\/v2\/pages"}],"about":[{"href":"https:\/\/railingcanarias.es\/index.php?rest_route=\/wp\/v2\/types\/page"}],"author":[{"embeddable":true,"href":"https:\/\/railingcanarias.es\/index.php?rest_route=\/wp\/v2\/users\/3"}],"replies":[{"embeddable":true,"href":"https:\/\/railingcanarias.es\/index.php?rest_route=%2Fwp%2Fv2%2Fcomments&post=358"}],"version-history":[{"count":3,"href":"https:\/\/railingcanarias.es\/index.php?rest_route=\/wp\/v2\/pages\/358\/revisions"}],"predecessor-version":[{"id":361,"href":"https:\/\/railingcanarias.es\/index.php?rest_route=\/wp\/v2\/pages\/358\/revisions\/361"}],"wp:attachment":[{"href":"https:\/\/railingcanarias.es\/index.php?rest_route=%2Fwp%2Fv2%2Fmedia&parent=358"}],"curies":[{"name":"wp","href":"https:\/\/api.w.org\/{rel}","templated":true}]}}